[INFO] cloning repository https://github.com/lukaspustina/concat
[INFO] running `Command { std: "git" "-c" "credential.helper=" "-c" "credential.helper=/workspace/cargo-home/bin/git-credential-null" "clone" "--bare" "https://github.com/lukaspustina/concat" "/workspace/cache/git-repos/https%3A%2F%2Fgithub.com%2Flukaspustina%2Fconcat", kill_on_drop: false }`
[INFO] [stderr] Cloning into bare repository '/workspace/cache/git-repos/https%3A%2F%2Fgithub.com%2Flukaspustina%2Fconcat'...
[INFO] running `Command { std: "git" "rev-parse" "HEAD", kill_on_drop: false }`
[INFO] [stdout] 13a5a8ea97db762f94b013cfd736a33ab2ecfc43
[INFO] checking lukaspustina/concat against master#af3c6e733a40e671550e0f0f5aeecaa13772ba56 for pr-74989
[INFO] running `Command { std: "git" "clone" "/workspace/cache/git-repos/https%3A%2F%2Fgithub.com%2Flukaspustina%2Fconcat" "/workspace/builds/worker-4/source", kill_on_drop: false }`
[INFO] [stderr] Cloning into '/workspace/builds/worker-4/source'...
[INFO] [stderr] done.
[INFO] validating manifest of git repo https://github.com/lukaspustina/concat on toolchain af3c6e733a40e671550e0f0f5aeecaa13772ba56
[INFO] running `Command { std: "/workspace/cargo-home/bin/cargo" "+af3c6e733a40e671550e0f0f5aeecaa13772ba56" "read-manifest" "--manifest-path" "Cargo.toml", kill_on_drop: false }`
[INFO] started tweaking git repo https://github.com/lukaspustina/concat
[INFO] finished tweaking git repo https://github.com/lukaspustina/concat
[INFO] tweaked toml for git repo https://github.com/lukaspustina/concat written to /workspace/builds/worker-4/source/Cargo.toml
[INFO] crate git repo https://github.com/lukaspustina/concat already has a lockfile, it will not be regenerated
[INFO] running `Command { std: "/workspace/cargo-home/bin/cargo" "+af3c6e733a40e671550e0f0f5aeecaa13772ba56" "fetch" "--locked" "--manifest-path" "Cargo.toml", kill_on_drop: false }`
[INFO] running `Command { std: "docker" "create" "-v" "/var/lib/crater-agent-workspace/builds/worker-4/target:/opt/rustwide/target:rw,Z" "-v" "/var/lib/crater-agent-workspace/builds/worker-4/source:/opt/rustwide/workdir:ro,Z" "-v" "/var/lib/crater-agent-workspace/cargo-home:/opt/rustwide/cargo-home:ro,Z" "-v" "/var/lib/crater-agent-workspace/rustup-home:/opt/rustwide/rustup-home:ro,Z" "-e" "SOURCE_DIR=/opt/rustwide/workdir" "-e" "CARGO_TARGET_DIR=/opt/rustwide/target" "-e" "CARGO_HOME=/opt/rustwide/cargo-home" "-e" "RUSTUP_HOME=/opt/rustwide/rustup-home" "-w" "/opt/rustwide/workdir" "-m" "1610612736" "--user" "0:0" "--network" "none" "rustops/crates-build-env@sha256:d92eaeed33fa75130ca1ee6c8a01d1ffb62bac859dfdfb3450e3e5d1c0146529" "/opt/rustwide/cargo-home/bin/cargo" "+af3c6e733a40e671550e0f0f5aeecaa13772ba56" "metadata" "--no-deps" "--format-version=1", kill_on_drop: false }`
[INFO] [stdout] 8f1cb3afa0dc01dde0bb5ddf59c30ec0ec2ec198fcf9c97075151217901284f6
[INFO] [stderr] WARNING: Your kernel does not support swap limit capabilities or the cgroup is not mounted. Memory limited without swap.
[INFO] running `Command { std: "docker" "start" "-a" "8f1cb3afa0dc01dde0bb5ddf59c30ec0ec2ec198fcf9c97075151217901284f6", kill_on_drop: false }`
[INFO] running `Command { std: "docker" "inspect" "8f1cb3afa0dc01dde0bb5ddf59c30ec0ec2ec198fcf9c97075151217901284f6", kill_on_drop: false }`
[INFO] running `Command { std: "docker" "rm" "-f" "8f1cb3afa0dc01dde0bb5ddf59c30ec0ec2ec198fcf9c97075151217901284f6", kill_on_drop: false }`
[INFO] [stdout] 8f1cb3afa0dc01dde0bb5ddf59c30ec0ec2ec198fcf9c97075151217901284f6
[INFO] running `Command { std: "docker" "create" "-v" "/var/lib/crater-agent-workspace/builds/worker-4/target:/opt/rustwide/target:rw,Z" "-v" "/var/lib/crater-agent-workspace/builds/worker-4/source:/opt/rustwide/workdir:ro,Z" "-v" "/var/lib/crater-agent-workspace/cargo-home:/opt/rustwide/cargo-home:ro,Z" "-v" "/var/lib/crater-agent-workspace/rustup-home:/opt/rustwide/rustup-home:ro,Z" "-e" "SOURCE_DIR=/opt/rustwide/workdir" "-e" "CARGO_TARGET_DIR=/opt/rustwide/target" "-e" "CARGO_INCREMENTAL=0" "-e" "RUST_BACKTRACE=full" "-e" "RUSTFLAGS=--cap-lints=forbid" "-e" "CARGO_HOME=/opt/rustwide/cargo-home" "-e" "RUSTUP_HOME=/opt/rustwide/rustup-home" "-w" "/opt/rustwide/workdir" "-m" "1610612736" "--user" "0:0" "--network" "none" "rustops/crates-build-env@sha256:d92eaeed33fa75130ca1ee6c8a01d1ffb62bac859dfdfb3450e3e5d1c0146529" "/opt/rustwide/cargo-home/bin/cargo" "+af3c6e733a40e671550e0f0f5aeecaa13772ba56" "check" "--frozen" "--all" "--all-targets" "--message-format=json", kill_on_drop: false }`
[INFO] [stdout] 5f60337f2dd53caf3b6c9390ffcbcdfbd56891141e353e0c0854c5faf580ad07
[INFO] [stderr] WARNING: Your kernel does not support swap limit capabilities or the cgroup is not mounted. Memory limited without swap.
[INFO] running `Command { std: "docker" "start" "-a" "5f60337f2dd53caf3b6c9390ffcbcdfbd56891141e353e0c0854c5faf580ad07", kill_on_drop: false }`
[INFO] [stderr]    Compiling proc-macro2 v0.4.30
[INFO] [stderr]    Compiling unicode-xid v0.1.0
[INFO] [stderr]    Compiling syn v0.15.44
[INFO] [stderr]    Compiling cc v1.0.42
[INFO] [stderr]     Checking rustc-serialize v0.3.24
[INFO] [stderr]     Checking cfg-if v0.1.9
[INFO] [stderr]     Checking lazy_static v1.4.0
[INFO] [stderr]    Compiling log v0.4.8
[INFO] [stderr]     Checking rustc-demangle v0.1.16
[INFO] [stderr]    Compiling cargo-husky v1.4.0
[INFO] [stderr]     Checking termcolor v1.0.5
[INFO] [stderr]    Compiling num-traits v0.2.8
[INFO] [stderr]    Compiling num-integer v0.1.41
[INFO] [stderr]    Compiling num-iter v0.1.39
[INFO] [stderr]     Checking humantime v1.2.0
[INFO] [stderr]     Checking rand v0.4.6
[INFO] [stderr]     Checking memmap v0.7.0
[INFO] [stderr]     Checking thread_local v0.3.6
[INFO] [stderr]     Checking regex v1.3.1
[INFO] [stderr]    Compiling quote v0.6.13
[INFO] [stderr]    Compiling backtrace-sys v0.1.31
[INFO] [stderr]     Checking env_logger v0.6.2
[INFO] [stderr]     Checking backtrace v0.3.37
[INFO] [stderr]     Checking num-bigint v0.1.44
[INFO] [stderr]     Checking num-complex v0.1.43
[INFO] [stderr]     Checking num-rational v0.1.42
[INFO] [stderr]     Checking num v0.1.42
[INFO] [stderr]     Checking spectral v0.6.0
[INFO] [stderr]    Compiling synstructure v0.10.2
[INFO] [stderr]    Compiling failure_derive v0.1.5
[INFO] [stderr]     Checking failure v0.1.5
[INFO] [stderr]     Checking concat v0.0.1 (/opt/rustwide/workdir)
[INFO] [stdout] error[E0432]: unresolved import `libc::radvisory`
[INFO] [stdout]  --> src/catters/buf_read_copy.rs:7:33
[INFO] [stdout]   |
[INFO] [stdout] 7 | use libc::{c_int, fcntl, off_t, radvisory};
[INFO] [stdout]   |                                 ^^^^^^^^^ no `radvisory` in the root
[INFO] [stdout] 
[INFO] [stdout] 
[INFO] [stdout] error[E0432]: unresolved import `libc::radvisory`
[INFO] [stdout]  --> src/catters/buf_read_copy.rs:7:33
[INFO] [stdout]   |
[INFO] [stdout] 7 | use libc::{c_int, fcntl, off_t, radvisory};
[INFO] [stdout]   |                                 ^^^^^^^^^ no `radvisory` in the root
[INFO] [stdout] 
[INFO] [stdout] 
[INFO] [stdout] error[E0425]: cannot find value `F_RDAHEAD` in crate `libc`
[INFO] [stdout]   --> src/catters/buf_read_copy.rs:41:40
[INFO] [stdout]    |
[INFO] [stdout] 41 |     let res = unsafe { fcntl(fd, libc::F_RDAHEAD, 1) };
[INFO] [stdout]    |                                        ^^^^^^^^^ not found in `libc`
[INFO] [stdout] 
[INFO] [stdout] 
[INFO] [stdout] error[E0425]: cannot find value `F_RDADVISE` in crate `libc`
[INFO] [stdout]   --> src/catters/buf_read_copy.rs:56:40
[INFO] [stdout]    |
[INFO] [stdout] 56 |     let res = unsafe { fcntl(fd, libc::F_RDADVISE, &ra) };
[INFO] [stdout]    |                                        ^^^^^^^^^^ not found in `libc`
[INFO] [stdout] 
[INFO] [stdout] 
[INFO] [stdout] warning: use of deprecated function `std::mem::uninitialized`: use `mem::MaybeUninit` instead
[INFO] [stdout]   --> src/catters/buf_read_copy.rs:71:47
[INFO] [stdout]    |
[INFO] [stdout] 71 |         let mut buf: [u8; DEFAULT_BUF_SIZE] = mem::uninitialized();
[INFO] [stdout]    |                                               ^^^^^^^^^^^^^^^^^^
[INFO] [stdout]    |
[INFO] [stdout]    = note: `#[warn(deprecated)]` on by default
[INFO] [stdout] 
[INFO] [stdout] 
[INFO] [stdout] error[E0425]: cannot find value `F_RDAHEAD` in crate `libc`
[INFO] [stdout]   --> src/catters/buf_read_copy.rs:41:40
[INFO] [stdout]    |
[INFO] [stdout] 41 |     let res = unsafe { fcntl(fd, libc::F_RDAHEAD, 1) };
[INFO] [stdout]    |                                        ^^^^^^^^^ not found in `libc`
[INFO] [stdout] 
[INFO] [stdout] 
[INFO] [stdout] error[E0425]: cannot find value `F_RDADVISE` in crate `libc`
[INFO] [stdout]   --> src/catters/buf_read_copy.rs:56:40
[INFO] [stdout]    |
[INFO] [stdout] 56 |     let res = unsafe { fcntl(fd, libc::F_RDADVISE, &ra) };
[INFO] [stdout]    |                                        ^^^^^^^^^^ not found in `libc`
[INFO] [stdout] 
[INFO] [stdout] 
[INFO] [stdout] warning: use of deprecated function `std::mem::uninitialized`: use `mem::MaybeUninit` instead
[INFO] [stdout]   --> src/catters/buf_read_copy.rs:71:47
[INFO] [stdout]    |
[INFO] [stdout] 71 |         let mut buf: [u8; DEFAULT_BUF_SIZE] = mem::uninitialized();
[INFO] [stdout]    |                                               ^^^^^^^^^^^^^^^^^^
[INFO] [stdout]    |
[INFO] [stdout]    = note: `#[warn(deprecated)]` on by default
[INFO] [stdout] 
[INFO] [stdout] 
[INFO] [stdout] error: aborting due to 3 previous errors; 1 warning emitted
[INFO] [stdout] 
[INFO] [stdout] 
[INFO] [stdout] Some errors have detailed explanations: E0425, E0432.
[INFO] [stdout] 
[INFO] [stdout] For more information about an error, try `rustc --explain E0425`.
[INFO] [stdout] 
[INFO] [stderr] error: could not compile `concat`.
[INFO] [stderr] 
[INFO] [stderr] To learn more, run the command again with --verbose.
[INFO] [stderr] warning: build failed, waiting for other jobs to finish...
[INFO] [stdout] error: aborting due to 3 previous errors; 1 warning emitted
[INFO] [stdout] 
[INFO] [stdout] 
[INFO] [stdout] Some errors have detailed explanations: E0425, E0432.
[INFO] [stdout] 
[INFO] [stdout] For more information about an error, try `rustc --explain E0425`.
[INFO] [stdout] 
[INFO] [stderr] error: build failed
[INFO] running `Command { std: "docker" "inspect" "5f60337f2dd53caf3b6c9390ffcbcdfbd56891141e353e0c0854c5faf580ad07", kill_on_drop: false }`
[INFO] running `Command { std: "docker" "rm" "-f" "5f60337f2dd53caf3b6c9390ffcbcdfbd56891141e353e0c0854c5faf580ad07", kill_on_drop: false }`
[INFO] [stdout] 5f60337f2dd53caf3b6c9390ffcbcdfbd56891141e353e0c0854c5faf580ad07
